{"id":858,"date":"2021-01-18T01:37:50","date_gmt":"2021-01-18T01:37:50","guid":{"rendered":"https:\/\/qol.com.ar\/?page_id=858"},"modified":"2021-02-02T22:26:46","modified_gmt":"2021-02-02T22:26:46","slug":"cohousing-coliving","status":"publish","type":"page","link":"https:\/\/qol.com.ar\/index.php\/cohousing-coliving\/","title":{"rendered":"Cohousing &#038; Coliving"},"content":{"rendered":"\n<section class=\"wp-block-themeisle-blocks-advanced-columns alignfull has-1-columns has-desktop-equal-layout has-tablet-equal-layout has-mobile-equal-layout has-nogap-gap has-vertical-center\" id=\"wp-block-themeisle-blocks-advanced-columns-a241f2a5\"><div class=\"wp-block-themeisle-blocks-advanced-columns-overlay\"><\/div><div class=\"innerblocks-wrap\">\n<div class=\"wp-block-themeisle-blocks-advanced-column\" id=\"wp-block-themeisle-blocks-advanced-column-397f5e2e\">\n<figure class=\"wp-block-image size-large is-resized is-style-default\"><img loading=\"lazy\" decoding=\"async\" src=\"https:\/\/qol.com.ar\/wp-content\/uploads\/2021\/01\/diferencias_cohousing_coliving-700x319-1.jpg\" alt=\"\" class=\"wp-image-865\" width=\"629\" height=\"287\" srcset=\"https:\/\/qol.com.ar\/wp-content\/uploads\/2021\/01\/diferencias_cohousing_coliving-700x319-1.jpg 700w, https:\/\/qol.com.ar\/wp-content\/uploads\/2021\/01\/diferencias_cohousing_coliving-700x319-1-300x137.jpg 300w\" sizes=\"(max-width: 629px) 100vw, 629px\" \/><\/figure>\n<\/div>\n<\/div><\/section>\n\n\n\n<section class=\"wp-block-themeisle-blocks-advanced-columns alignfull has-1-columns has-desktop-equal-layout has-tablet-equal-layout has-mobile-equal-layout has-nogap-gap has-vertical-flex-start\" id=\"wp-block-themeisle-blocks-advanced-columns-94dec1f4\"><div class=\"wp-block-themeisle-blocks-advanced-columns-overlay\"><\/div><div class=\"innerblocks-wrap\">\n<div class=\"wp-block-themeisle-blocks-advanced-column\" id=\"wp-block-themeisle-blocks-advanced-column-7b0444df\">\n<section class=\"wp-block-themeisle-blocks-advanced-columns has-2-columns has-desktop-equal-layout has-tablet-equal-layout has-mobile-collapsedRows-layout has-nogap-gap has-vertical-center has-reverse-columns-mobile\" id=\"wp-block-themeisle-blocks-advanced-columns-1727ab75\"><div class=\"wp-block-themeisle-blocks-advanced-columns-overlay\"><\/div><div class=\"innerblocks-wrap\">\n<div class=\"wp-block-themeisle-blocks-advanced-column\" id=\"wp-block-themeisle-blocks-advanced-column-28d31c74\">\n<div id=\"wp-block-themeisle-blocks-advanced-heading-ea62c2ae\" class=\"wp-block-themeisle-blocks-advanced-heading wp-block-themeisle-blocks-advanced-heading-ea62c2ae\"><strong>SE CREA LA COMUNIDAD ANTES DE CONSTRUIR la edificaci\u00f3n<\/strong><\/div>\n\n\n\n<h2 class=\"has-text-align-left wp-block-heading\">Cohousing<\/h2>\n\n\n\n<p>Entendemos el Cohousing como una iniciativa que parte de un grupo de personas, una comunidad que decide emprender un proyecto de vivienda acorde con sus valores y principios.<br>Esta comunidad emprende un proceso de consenso en el prop\u00f3sito (visi\u00f3n, misi\u00f3n, valores) y en el momento que tiene las cosas claras como grupo se embarca en el desarrollo del proyecto, b\u00fasqueda de suelo, financiaci\u00f3n, proyecto de arquitectura, y construcci\u00f3n del edificio para despu\u00e9s vivir acorde a sus ideas.<\/p>\n<\/div>\n\n\n\n<div class=\"wp-block-themeisle-blocks-advanced-column\" id=\"wp-block-themeisle-blocks-advanced-column-f968dc4e\">\n<figure class=\"wp-block-image size-large ticss-0c5bbe67\"><img loading=\"lazy\" decoding=\"async\" width=\"600\" height=\"500\" src=\"https:\/\/qol.com.ar\/wp-content\/uploads\/2021\/01\/PersonasCohousingIntergeneracional001_600x500-1.jpg\" alt=\"\" class=\"wp-image-980\" srcset=\"https:\/\/qol.com.ar\/wp-content\/uploads\/2021\/01\/PersonasCohousingIntergeneracional001_600x500-1.jpg 600w, https:\/\/qol.com.ar\/wp-content\/uploads\/2021\/01\/PersonasCohousingIntergeneracional001_600x500-1-300x250.jpg 300w\" sizes=\"(max-width: 600px) 100vw, 600px\" \/><\/figure>\n<\/div>\n<\/div><\/section>\n\n\n\n<section class=\"wp-block-themeisle-blocks-advanced-columns has-2-columns has-desktop-equal-layout has-tablet-equal-layout has-mobile-collapsedRows-layout has-nogap-gap has-vertical-center\" id=\"wp-block-themeisle-blocks-advanced-columns-696626d6\"><div class=\"wp-block-themeisle-blocks-advanced-columns-overlay\"><\/div><div class=\"innerblocks-wrap\">\n<div class=\"wp-block-themeisle-blocks-advanced-column\" id=\"wp-block-themeisle-blocks-advanced-column-ee624f6a\">\n<figure class=\"wp-block-image size-large ticss-fab6ef94\"><img loading=\"lazy\" decoding=\"async\" width=\"600\" height=\"500\" src=\"https:\/\/qol.com.ar\/wp-content\/uploads\/2021\/01\/Cohousing007_600x500.jpg\" alt=\"\" class=\"wp-image-982\" srcset=\"https:\/\/qol.com.ar\/wp-content\/uploads\/2021\/01\/Cohousing007_600x500.jpg 600w, https:\/\/qol.com.ar\/wp-content\/uploads\/2021\/01\/Cohousing007_600x500-300x250.jpg 300w\" sizes=\"(max-width: 600px) 100vw, 600px\" \/><\/figure>\n<\/div>\n\n\n\n<div class=\"wp-block-themeisle-blocks-advanced-column\" id=\"wp-block-themeisle-blocks-advanced-column-40861855\">\n<div id=\"wp-block-themeisle-blocks-advanced-heading-e301d4d0\" class=\"wp-block-themeisle-blocks-advanced-heading wp-block-themeisle-blocks-advanced-heading-e301d4d0\"><strong>SE CONSTRUYE la edificaci\u00f3n Y LUEGO SE CREA LA COMUNIDAD<\/strong><\/div>\n\n\n\n<h2 class=\"has-text-align-left wp-block-heading\">Coliving<\/h2>\n\n\n\n<p>El coliving lo entendemos de manera diferente. En este caso, la iniciativa parte de la consultora y sus residentes alquilan o compran.<br>Desde una perspectiva social, en el caso del Coliving, la arquitectura tiene que abordar los mismos fines sociales y relacionales, pero ya que no se trabaja desde el inicio con un grupo concreto que define un prop\u00f3sito com\u00fan, como en el caso del Cohousing.<br>En el Coliving, la consultora define la arquitectura, busca el suelo, la financiaci\u00f3n y, por \u00faltimo, entra la comunidad.<\/p>\n<\/div>\n<\/div><\/section>\n<\/div>\n<\/div><\/section>\n\n\n\n<section class=\"wp-block-themeisle-blocks-advanced-columns alignfull has-1-columns has-desktop-equal-layout has-tablet-equal-layout has-mobile-equal-layout has-nogap-gap has-vertical-flex-start\" id=\"wp-block-themeisle-blocks-advanced-columns-6013fee3\"><div class=\"wp-block-themeisle-blocks-advanced-columns-overlay\"><\/div><div class=\"innerblocks-wrap\">\n<div class=\"wp-block-themeisle-blocks-advanced-column\" id=\"wp-block-themeisle-blocks-advanced-column-1a42e736\">\n<figure class=\"wp-block-embed aligncenter is-type-video is-provider-youtube wp-block-embed-youtube wp-embed-aspect-16-9 wp-has-aspect-ratio\"><div class=\"wp-block-embed__wrapper\">\n<div class=\"nv-iframe-embed\"><iframe loading=\"lazy\" title=\"Cohousing senior un nuevo modelo para vivir tras la jubilaci\u00f3n\" width=\"1200\" height=\"675\" src=\"https:\/\/www.youtube.com\/embed\/NXflP-lw7dE?feature=oembed\" frameborder=\"0\" allow=\"accelerometer; autoplay; clipboard-write; encrypted-media; gyroscope; picture-in-picture\" allowfullscreen><\/iframe><\/div>\n<\/div><\/figure>\n<\/div>\n<\/div><\/section>\n","protected":false},"excerpt":{"rendered":"","protected":false},"author":1,"featured_media":0,"parent":0,"menu_order":0,"comment_status":"closed","ping_status":"closed","template":"","meta":{"neve_meta_sidebar":"full-width","neve_meta_container":"","neve_meta_enable_content_width":"on","neve_meta_content_width":100,"neve_meta_title_alignment":"","neve_meta_author_avatar":"","neve_post_elements_order":"","neve_meta_disable_header":"","neve_meta_disable_footer":"","neve_meta_disable_title":"","_themeisle_gutenberg_block_has_review":false,"footnotes":""},"_links":{"self":[{"href":"https:\/\/qol.com.ar\/index.php\/wp-json\/wp\/v2\/pages\/858"}],"collection":[{"href":"https:\/\/qol.com.ar\/index.php\/wp-json\/wp\/v2\/pages"}],"about":[{"href":"https:\/\/qol.com.ar\/index.php\/wp-json\/wp\/v2\/types\/page"}],"author":[{"embeddable":true,"href":"https:\/\/qol.com.ar\/index.php\/wp-json\/wp\/v2\/users\/1"}],"replies":[{"embeddable":true,"href":"https:\/\/qol.com.ar\/index.php\/wp-json\/wp\/v2\/comments?post=858"}],"version-history":[{"count":30,"href":"https:\/\/qol.com.ar\/index.php\/wp-json\/wp\/v2\/pages\/858\/revisions"}],"predecessor-version":[{"id":1125,"href":"https:\/\/qol.com.ar\/index.php\/wp-json\/wp\/v2\/pages\/858\/revisions\/1125"}],"wp:attachment":[{"href":"https:\/\/qol.com.ar\/index.php\/wp-json\/wp\/v2\/media?parent=858"}],"curies":[{"name":"wp","href":"https:\/\/api.w.org\/{rel}","templated":true}]}}