{"id":1020,"date":"2021-01-19T21:21:23","date_gmt":"2021-01-19T21:21:23","guid":{"rendered":"https:\/\/qol.com.ar\/?page_id=1020"},"modified":"2021-02-02T23:43:24","modified_gmt":"2021-02-02T23:43:24","slug":"senior-cohousing","status":"publish","type":"page","link":"https:\/\/qol.com.ar\/index.php\/senior-cohousing\/","title":{"rendered":"Senior Cohousing"},"content":{"rendered":"\n<section class=\"wp-block-themeisle-blocks-advanced-columns alignfull has-1-columns has-desktop-equal-layout has-tablet-equal-layout has-mobile-equal-layout has-nogap-gap has-vertical-flex-start\" id=\"wp-block-themeisle-blocks-advanced-columns-cf464273\"><div class=\"wp-block-themeisle-blocks-advanced-columns-overlay\"><\/div><div class=\"innerblocks-wrap\">\n<div class=\"wp-block-themeisle-blocks-advanced-column\" id=\"wp-block-themeisle-blocks-advanced-column-091be23e\">\n<section class=\"wp-block-themeisle-blocks-advanced-columns alignfull has-1-columns has-desktop-equal-layout has-tablet-equal-layout has-mobile-equal-layout has-nogap-gap has-vertical-center\" id=\"wp-block-themeisle-blocks-advanced-columns-7fed9644\"><div class=\"wp-block-themeisle-blocks-advanced-columns-overlay\"><\/div><div class=\"innerblocks-wrap\">\n<div class=\"wp-block-themeisle-blocks-advanced-column\" id=\"wp-block-themeisle-blocks-advanced-column-77b97cc2\">\n<h1 class=\"has-text-align-center has-white-color has-text-color wp-block-heading\">Senior Cohousing<\/h1>\n\n\n\n<p class=\"has-text-align-center has-white-color has-text-color\">Una comunidad de adultos mayores que dise\u00f1a su vecindad seg\u00fan sus gustos y necesidades donde mantenerse activo, seguro y rodeado de afecto y amistades.<\/p>\n\n\n\n<figure class=\"wp-block-image size-large is-style-default\"><img loading=\"lazy\" decoding=\"async\" width=\"768\" height=\"471\" src=\"https:\/\/qol.com.ar\/wp-content\/uploads\/2021\/02\/SeniorCohousing002.jpg\" alt=\"\" class=\"wp-image-1141\" srcset=\"https:\/\/qol.com.ar\/wp-content\/uploads\/2021\/02\/SeniorCohousing002.jpg 768w, https:\/\/qol.com.ar\/wp-content\/uploads\/2021\/02\/SeniorCohousing002-300x184.jpg 300w\" sizes=\"(max-width: 768px) 100vw, 768px\" \/><\/figure>\n<\/div>\n<\/div><\/section>\n\n\n\n<section class=\"wp-block-themeisle-blocks-advanced-columns has-3-columns has-desktop-equal-layout has-tablet-equal-layout has-mobile-collapsedRows-layout has-wide-gap has-vertical-flex-start\" id=\"wp-block-themeisle-blocks-advanced-columns-683da29a\"><div class=\"wp-block-themeisle-blocks-advanced-columns-overlay\"><\/div><div class=\"innerblocks-wrap\">\n<div class=\"wp-block-themeisle-blocks-advanced-column\" id=\"wp-block-themeisle-blocks-advanced-column-a81de827\">\n<h3 class=\"has-text-align-center wp-block-heading\">Rodearse de afecto<\/h3>\n\n\n\n<p class=\"has-text-align-center\">Los mismos habitantes construyen su comunidad con personas que desean dar y recibir calidez acompa\u00f1\u00e1ndose mutuamente.<\/p>\n<\/div>\n\n\n\n<div class=\"wp-block-themeisle-blocks-advanced-column\" id=\"wp-block-themeisle-blocks-advanced-column-787fa0e1\">\n<h3 class=\"has-text-align-center wp-block-heading\">Mantenerse activos<\/h3>\n\n\n\n<p class=\"has-text-align-center\">Los mismos habitantes toman decisiones tanto de administraci\u00f3n de los espacios f\u00edsicos como de las actividades y talleres a desarrollarse.<\/p>\n\n\n\n<p>Pueden decidir contar con un coordinador de actividades f\u00edsicas y ocio.<\/p>\n\n\n\n<p>Las zonas comunes est\u00e1n pensadas para el disfrute de los residentes y para tratar de que ayuden a la relaciones sociales y al ocio.<\/p>\n<\/div>\n\n\n\n<div class=\"wp-block-themeisle-blocks-advanced-column\" id=\"wp-block-themeisle-blocks-advanced-column-54f4b40e\">\n<h3 class=\"has-text-align-center wp-block-heading\">Dise\u00f1a seg\u00fan tus necesidades<\/h3>\n\n\n\n<p>Ten una vivienda m\u00e1s c\u00f3moda y econ\u00f3mica, adaptada a tus deseos y necesidades reales.<\/p>\n\n\n\n<p>Elige con qu\u00e9 servicios contar:<br>\u26ab Servicio de cocina, comedor y limpieza.<br>\u26ab Enfermer\u00eda 24 horas.<br>\u26ab Lavander\u00eda y planchado.<\/p>\n<\/div>\n<\/div><\/section>\n<\/div>\n<\/div><\/section>\n\n\n\n<figure class=\"wp-block-embed is-type-video is-provider-youtube wp-block-embed-youtube wp-embed-aspect-16-9 wp-has-aspect-ratio\"><div class=\"wp-block-embed__wrapper\">\n<div class=\"nv-iframe-embed\"><iframe loading=\"lazy\" title=\"Cohousing | Patricia Kelly\" width=\"1200\" height=\"675\" src=\"https:\/\/www.youtube.com\/embed\/wFQaMrpdZI0?feature=oembed\" frameborder=\"0\" allow=\"accelerometer; autoplay; clipboard-write; encrypted-media; gyroscope; picture-in-picture\" allowfullscreen><\/iframe><\/div>\n<\/div><\/figure>\n\n\n\n<figure class=\"wp-block-embed is-type-video is-provider-youtube wp-block-embed-youtube wp-embed-aspect-16-9 wp-has-aspect-ratio\"><div class=\"wp-block-embed__wrapper\">\n<div class=\"nv-iframe-embed\"><iframe loading=\"lazy\" title=\"Cohousing Senior - Crea tu hogar Cohousing en Espa\u00f1a\" width=\"1200\" height=\"675\" src=\"https:\/\/www.youtube.com\/embed\/urs3UVGJxII?feature=oembed\" frameborder=\"0\" allow=\"accelerometer; autoplay; clipboard-write; encrypted-media; gyroscope; picture-in-picture\" allowfullscreen><\/iframe><\/div>\n<\/div><\/figure>\n","protected":false},"excerpt":{"rendered":"","protected":false},"author":1,"featured_media":0,"parent":0,"menu_order":0,"comment_status":"closed","ping_status":"closed","template":"","meta":{"neve_meta_sidebar":"full-width","neve_meta_container":"","neve_meta_enable_content_width":"on","neve_meta_content_width":100,"neve_meta_title_alignment":"","neve_meta_author_avatar":"","neve_post_elements_order":"","neve_meta_disable_header":"","neve_meta_disable_footer":"","neve_meta_disable_title":"","_themeisle_gutenberg_block_has_review":false,"footnotes":""},"_links":{"self":[{"href":"https:\/\/qol.com.ar\/index.php\/wp-json\/wp\/v2\/pages\/1020"}],"collection":[{"href":"https:\/\/qol.com.ar\/index.php\/wp-json\/wp\/v2\/pages"}],"about":[{"href":"https:\/\/qol.com.ar\/index.php\/wp-json\/wp\/v2\/types\/page"}],"author":[{"embeddable":true,"href":"https:\/\/qol.com.ar\/index.php\/wp-json\/wp\/v2\/users\/1"}],"replies":[{"embeddable":true,"href":"https:\/\/qol.com.ar\/index.php\/wp-json\/wp\/v2\/comments?post=1020"}],"version-history":[{"count":7,"href":"https:\/\/qol.com.ar\/index.php\/wp-json\/wp\/v2\/pages\/1020\/revisions"}],"predecessor-version":[{"id":1148,"href":"https:\/\/qol.com.ar\/index.php\/wp-json\/wp\/v2\/pages\/1020\/revisions\/1148"}],"wp:attachment":[{"href":"https:\/\/qol.com.ar\/index.php\/wp-json\/wp\/v2\/media?parent=1020"}],"curies":[{"name":"wp","href":"https:\/\/api.w.org\/{rel}","templated":true}]}}